the prime factors of 12621?
3, 7, 601
What are the prime factors of 4268?
2, 11, 97
What are the prime factors of 2396?
2, 599
List the prime factors of 65869.
199, 331
List the prime factors of 628.
2, 157
List the prime factors of 280.
2, 5, 7
List the prime factors of 24273.
3, 29, 31
List the prime factors of 858.
2, 3, 11, 13
What are the prime factors of 37614?
2, 3, 6269
List the prime factors of 873.
3, 97
What are the prime factors of 3025?
5, 11
What are the prime factors of 2910?
2, 3, 5, 97
List the prime factors of 5200.
2, 5, 13
What are the prime factors of 5362?
2, 7, 383
List the prime factors of 5724.
2, 3, 53
What are the prime factors of 3072?
2, 3
What are the prime factors of 12848?
2, 11, 73
List the prime factors of 28906.
2, 97, 149
What are the prime factors of 9182?
2, 4591
List the prime factors of 83312.
2, 41, 127
What are the prime factors of 15298?
2, 7649
List the prime factors of 105.
3, 5, 7
What are the prime factors of 9436?
2, 7, 337
What are the prime factors of 191297?
191297
List the prime factors of 198.
2, 3, 11
What are the prime factors of 2005?
5, 401
List the prime factors of 642.
2, 3, 107
List the prime factors of 95947.
95947
List the prime factors of 53614.
2, 11, 2437
What are the prime factors of 1100?
2, 5, 11
List the prime factors of 333.
3, 37
What are the prime factors of 601?
601
List the prime factors of 5316.
2, 3, 443
What are the prime factors of 24949?
61, 409
List the prime factors of 639.
3, 71
What are the prime factors of 24595?
5, 4919
What are the prime factors of 3659?
3659
What are the prime factors of 2508?
2, 3, 11, 19
What are the prime factors of 8002?
2, 4001
List the prime factors of 30286.
2, 19, 797
What are the prime factors of 14154?
2, 3, 7, 337
What are the prime factors of 377?
13, 29
What are the prime factors of 2156?
2, 7, 11
List the prime factors of 793.
13, 61
List the prime factors of 3949.
11, 359
List the prime factors of 29953.
7, 11, 389
List the prime factors of 773.
773
List the prime factors of 2776.
2, 347
List the prime factors of 1768.
2, 13, 17
What are the prime factors of 32379?
3, 43, 251
What are the prime factors of 2665?
5, 13, 41
What are the prime factors of 5911?
23, 257
List the prime factors of 641.
641
What are the prime factors of 38991?
3, 41, 317
List the prime factors of 11254.
2, 17, 331
What are the prime factors of 8286?
2, 3, 1381
What are the prime factors of 1102?
2, 19, 29
List the prime factors of 84743.
83, 1021
List the prime factors of 4514.
2, 37, 61
List the prime factors of 13894.
2, 6947
What are the prime factors of 15203?
23, 661
List the prime factors of 1760.
2, 5, 11
What are the prime factors of 13462?
2, 53, 127
What are the prime factors of 21858?
2, 3, 3643
What are the prime factors of 18406?
2, 9203
What are the prime factors of 686?
2, 7
What are the prime factors of 10014?
2, 3, 1669
What are the prime factors of 10494?
2, 3, 11, 53
List the prime factors of 12565.
5, 7, 359
What are the prime factors of 2403?
3, 89
What are the prime factors of 1163?
1163
List the prime factors of 1020.
2, 3, 5, 17
What are the prime factors of 10282?
2, 53, 97
List the prime factors of 136.
2, 17
What are the prime factors of 22424?
2, 2803
What are the prime factors of 867?
3, 17
List the prime factors of 2175.
3, 5, 29
What are the prime factors of 63391?
63391
What are the prime factors of 8310?
2, 3, 5, 277
List the prime factors of 76.
2, 19
List the prime factors of 280.
2, 5, 7
What are the prime factors of 881?
881
List the prime factors of 1069.
1069
List the prime factors of 1890.
2, 3, 5, 7
List the prime factors of 3351.
3, 1117
List the prime factors of 4899.
3, 23, 71
List the prime factors of 136479.
3, 7, 67, 97
List the prime factors of 1691.
19, 89
What are the prime factors of 219?
3, 73
List the prime factors of 25418.
2, 71, 179
List the prime factors of 66826.
2, 33413
List the prime factors of 9122.
2, 4561
List the prime factors of 14390.
2, 5, 1439
What are the prime factors of 11915?
5, 2383
List the prime factors of 350.
2, 5, 7
List the prime factors of 80.
2, 5
List the prime factors of 2659.
2659
What are the prime factors of 199?
199
List the prime factors of 21296.
2, 11
What are the prime factors of 77766?
2, 3, 13, 997
List the prime factors of 5959.
59, 101
What are the prime factors of 1222?
2, 13, 47
List the prime factors of 4586.
2, 2293
What are the prime factors of 35172?
2, 3, 977
What are the prime factors of 23459?
23459
List the prime factors of 73.
73
What are the prime factors of 34965?
3, 5, 7, 37
List the prime factors of 22125.
3, 5, 59
List the prime factors of 14027.
13, 83
What are the prime factors of 70522?
2, 37, 953
List the prime factors of 17152.
2, 67
List the prime factors of 1329.
3, 443
What are the prime factors of 3815?
5, 7, 109
List the prime factors of 2655.
3, 5, 59
List the prime factors of 1296.
2, 3
List the prime factors of 40318.
2, 19, 1061
What are the prime factors of 36189?
3, 4021
List the prime factors of 1066.
2, 13, 41
What are the prime factors of 1053?
3, 13
What are the prime factors of 48915?
3, 5, 1087
List the prime factors of 17737.
17737
List the prime factors of 4082.
2, 13, 157
List the prime factors of 8317.
8317
What are the prime factors of 35314?
2, 17657
List the prime factors of 5588.
2, 11, 127
List the prime factors of 606.
2, 3, 101
What are the prime factors of 13511?
59, 229
What are the prime factors of 15143?
19, 797
List the prime factors of 48516.
2, 3, 13, 311
List the prime factors of 238.
2, 7, 17
What are the prime factors of 72629?
59, 1231
What are the prime factors of 50730?
2, 3, 5, 19, 89
List the prime factors of 32674.
2, 17, 31
What are the prime factors of 540?
2, 3, 5
What are the prime factors of 46334?
2, 23167
What are the prime factors of 6250?
2, 5
What are the prime factors of 38753?
11, 13, 271
List the prime factors of 337.
337
What are the prime factors of 3750?
2, 3, 5
List the prime factors of 3026.
2, 17, 89
List the prime factors of 10425.
3, 5, 139
List the prime factors of 13384.
2, 7, 239
List the prime factors of 14415.
3, 5, 31
List the prime factors of 2761.
11, 251
List the prime factors of 994.
2, 7, 71
What are the prime factors of 91803?
3, 71, 431
What are the prime factors of 3502?
2, 17, 103
List the prime factors of 69181.
7, 9883
List the prime factors of 408.
2, 3, 17
What are the prime factors of 10277?
43, 239
What are the prime factors of 2305?
5, 461
What are the prime factors of 777?
3, 7, 37
List the prime factors of 8768.
2, 137
List the prime factors of 8692.
2, 41, 53
What are the prime factors of 6619?
6619
List the prime factors of 30867.
3, 10289
What are the prime factors of 147993?
3, 49331
What are the prime factors of 92198?
2, 46099
List the prime factors of 2357.
2357
List the prime factors of 113.
113
List the prime factors of 743.
743
List the prime factors of 74875.
5, 599
What are the prime factors of 3547?
3547
List the prime factors of 6737.
6737
What are the prime factors of 6124?
2, 1531
What are the prime factors of 5513?
37, 149
What are the prime factors of 26195?
5, 13, 31
What are the prime factors of 141750?
2, 3, 5, 7
What are the prime factors of 90935?
5, 13, 1399
What are the prime factors of 2757?
3, 919
List the prime factors of 34700.
2, 5, 347
What are the prime factors of 18743?
18743
List the prime factors of 29956.
2, 7489
List the prime factors of 1785.
3, 5, 7, 17
What are the prime factors of 861?
3, 7, 41
What are the prime factors of 26627?
26627
List the prime factors of 16393.
13, 97
List the prime factors of 23557.
23557
What are the prime factors of 32915?
5, 29, 227
What are the prime factors of 301?
7, 43
List the prime factors of 3562.
2, 13, 137
What are the prime factors of 1882?
2, 941
What are the prime factors of 3734?
2, 1867
List the prime factors of 4475.
5, 179
List the prime factors of 14027.
13, 83
List the prime factors of 662.
2, 331
List the prime factors of 76608.
2, 3, 7, 19
What are the prime factors of 76?
2, 19
What are the prime factors of 1207?
17, 71
What are the prime factors of 16645?
5, 3329
List the prime factors of 9267.
3, 3089
What are the prime factors of 36628?
2, 9157
List the